{"id":15,"date":"2017-02-27T17:30:06","date_gmt":"2017-02-27T16:30:06","guid":{"rendered":"http:\/\/www.cougarportugal.com\/?page_id=15"},"modified":"2022-04-05T17:22:42","modified_gmt":"2022-04-05T16:22:42","slug":"definicao-do-termo-cougar","status":"publish","type":"page","link":"https:\/\/www.cougarportugal.com\/index.php\/definicao-do-termo-cougar\/","title":{"rendered":"DEFINI\u00c7\u00c3O DO TERMO \u00abCOUGAR\u00bb"},"content":{"rendered":"<p>Geralmente designa-se pelo termo \u00ab\u00a0Cougar\u00a0\u00bb mulheres com mais de 35 anos, interessadas em conhecer homens mais novos do que elas. \u00a0Tal como o puma da montanha, s\u00e3o geralmente independentes, elegantes e orgulhosas\u2026<\/p>\n<p>Em 2009, com o lan\u00e7amento da s\u00e9rie de TV americana \u201cCougar Town\u201d, o termo \u00ab\u00a0Cougar\u00a0\u00bb espalhou-se rapidamente\u2026 A partir de ent\u00e3o, os meios de comunica\u00e7\u00e3o t\u00eam multiplicado relatos acerca do &#8220;fen\u00f3meno Cougar\u201d e este transformou-se num dos mais populares dos \u00faltimos anos.<br \/>\nEsta palavra tamb\u00e9m tem sido usada muitas vezes pelos m\u00e9dia de forma pejorativa, caricaturando as Cougar como mulheres infi\u00e9is e predadoras sexuais, constantemente \u00e0 procura de uma nova aventura de uma noite\u2026<\/p>\n<p>\u00c9 claro que se pode dizer que as Cougar s\u00e3o predadoras, mas na realidade tamb\u00e9m s\u00e3o mulheres muito cortejadas pelos homens! E na realidade neste tipo de relacionamento, todos saiam beneficiados!<\/p>\n<p><img loading=\"lazy\" decoding=\"async\" class=\"alignleft wp-image-54 size-thumbnail\" src=\"http:\/\/www.cougarportugal.com\/wp-content\/uploads\/2017\/02\/DEFINI\u00c7AO-DO-TERMO-COUGAR-200x200.jpg\" width=\"200\" height=\"200\" \/><strong>Outras p\u00e1ginas:<br \/>\n<\/strong><\/p>\n<p><img loading=\"lazy\" decoding=\"async\" class=\"size-full wp-image-96 alignnone\" src=\"http:\/\/www.cougarportugal.com\/wp-content\/uploads\/2017\/02\/icon-cougar.gif\" alt=\"\" width=\"16\" height=\"16\" \/>\u00a0<a href=\"http:\/\/www.cougarportugal.com\/index.php\/quem-sao-na-realidade-as-mulheres-cougar\/\">Quem s\u00e3o realmente as mulheres Cougar?<\/a><br \/>\n<a href=\"http:\/\/www.cougarportugal.com\/index.php\/quem-sao-na-realidade-as-mulheres-cougar\/\" target=\"_blank\" rel=\"noopener\"><img loading=\"lazy\" decoding=\"async\" class=\"size-full wp-image-96 alignnone\" src=\"http:\/\/www.cougarportugal.com\/wp-content\/uploads\/2017\/02\/icon-cougar.gif\" alt=\"\" width=\"16\" height=\"16\" \/><\/a>\u00a0<a href=\"http:\/\/www.cougarportugal.com\/index.php\/a-cougar-simboliza-uma-mudanca-na-sociedade-e-na-moral\/\">As Cougars simbolizam uma mudan\u00e7a na sociedade e na moral\u2026<\/a><br \/>\n<a href=\"http:\/\/www.cougarportugal.com\/index.php\/quem-sao-na-realidade-as-mulheres-cougar\/\" target=\"_blank\" rel=\"noopener\"><img loading=\"lazy\" decoding=\"async\" class=\"size-full wp-image-96 alignnone\" src=\"http:\/\/www.cougarportugal.com\/wp-content\/uploads\/2017\/02\/icon-cougar.gif\" alt=\"\" width=\"16\" height=\"16\" \/><\/a>\u00a0<a href=\"http:\/\/www.cougarportugal.com\/index.php\/nos-dizemos-lhe-porque-e-que-o-amor-e-melhor-apos-os-40-anos\/\">Dizemos-lhe porque o amor \u00e9 melhor ap\u00f3s os 40 anos!<\/a><br \/>\n<a href=\"http:\/\/www.cougarportugal.com\/index.php\/quem-sao-na-realidade-as-mulheres-cougar\/\" target=\"_blank\" rel=\"noopener\"><img loading=\"lazy\" decoding=\"async\" class=\"size-full wp-image-96 alignnone\" src=\"http:\/\/www.cougarportugal.com\/wp-content\/uploads\/2017\/02\/icon-cougar.gif\" alt=\"\" width=\"16\" height=\"16\" \/><\/a>\u00a0<a href=\"http:\/\/www.cougarportugal.com\/index.php\/a-cougar-segundo-jennifer-lopez\/\">As Cougars segundo Jennifer Lopez\u2026<\/a><br \/>\n<a href=\"http:\/\/www.cougarportugal.com\/index.php\/quem-sao-na-realidade-as-mulheres-cougar\/\" target=\"_blank\" rel=\"noopener\"><img loading=\"lazy\" decoding=\"async\" class=\"size-full wp-image-96 alignnone\" src=\"http:\/\/www.cougarportugal.com\/wp-content\/uploads\/2017\/02\/icon-cougar.gif\" alt=\"\" width=\"16\" height=\"16\" \/><\/a>\u00a0<a href=\"http:\/\/www.cougarportugal.com\/index.php\/os-homens-fantasiam-com-cougars-ou-mulheres-maduras\/\">Os homens fantasiam com Cougars ou mulheres maduras<\/a><br \/>\n<a href=\"http:\/\/www.cougarportugal.com\/index.php\/quem-sao-na-realidade-as-mulheres-cougar\/\" target=\"_blank\" rel=\"noopener\"><img loading=\"lazy\" decoding=\"async\" class=\"size-full wp-image-96 alignnone\" src=\"http:\/\/www.cougarportugal.com\/wp-content\/uploads\/2017\/02\/icon-cougar.gif\" alt=\"\" width=\"16\" height=\"16\" \/><\/a>\u00a0<a href=\"http:\/\/www.cougarportugal.com\/index.php\/testemunho-de-uma-utilizadora\/\">Testemunho de uma utilizadora\u2026<\/a><\/p>\n<p>&nbsp;<\/p>\n","protected":false},"excerpt":{"rendered":"<p>Geralmente designa-se pelo termo \u00ab\u00a0Cougar\u00a0\u00bb mulheres com mais de 35 anos, interessadas em conhecer homens mais novos do que elas. \u00a0Tal como o puma da montanha, s\u00e3o geralmente independentes, elegantes e orgulhosas\u2026 Em 2009, com o lan\u00e7amento da s\u00e9rie de TV americana \u201cCougar Town\u201d, o termo \u00ab\u00a0Cougar\u00a0\u00bb espalhou-se rapidamente\u2026 A partir de ent\u00e3o, os meios [&hellip;]<br \/><a href=\"https:\/\/www.cougarportugal.com\/index.php\/definicao-do-termo-cougar\/\" class=\"more-link\" >Continue reading&#8230;<\/a><\/p>\n","protected":false},"author":1,"featured_media":0,"parent":0,"menu_order":0,"comment_status":"closed","ping_status":"closed","template":"","meta":{"footnotes":""},"class_list":["post-15","page","type-page","status-publish","hentry"],"_links":{"self":[{"href":"https:\/\/www.cougarportugal.com\/index.php\/wp-json\/wp\/v2\/pages\/15","targetHints":{"allow":["GET"]}}],"collection":[{"href":"https:\/\/www.cougarportugal.com\/index.php\/wp-json\/wp\/v2\/pages"}],"about":[{"href":"https:\/\/www.cougarportugal.com\/index.php\/wp-json\/wp\/v2\/types\/page"}],"author":[{"embeddable":true,"href":"https:\/\/www.cougarportugal.com\/index.php\/wp-json\/wp\/v2\/users\/1"}],"replies":[{"embeddable":true,"href":"https:\/\/www.cougarportugal.com\/index.php\/wp-json\/wp\/v2\/comments?post=15"}],"version-history":[{"count":12,"href":"https:\/\/www.cougarportugal.com\/index.php\/wp-json\/wp\/v2\/pages\/15\/revisions"}],"predecessor-version":[{"id":155,"href":"https:\/\/www.cougarportugal.com\/index.php\/wp-json\/wp\/v2\/pages\/15\/revisions\/155"}],"wp:attachment":[{"href":"https:\/\/www.cougarportugal.com\/index.php\/wp-json\/wp\/v2\/media?parent=15"}],"curies":[{"name":"wp","href":"https:\/\/api.w.org\/{rel}","templated":true}]}}